uppose -2*c + 57 = c. Let o = c + -14. What is the remainder when 17 is divided by o?
2
Suppose -2*t - 30 = 3*t. What is the remainder when 0 + -2 + 4*7 is divided by (12 + 0)*t/(-8)?
8
What is the remainder when 94 is divided by ((-266)/21)/((-2)/3)?
18
Let f be (4/(-6))/(2/12). Let x(z) = 6*z + 2. Let k be x(f). What is the remainder when 2 - k/(-4)*-6 is divided by 9?
8
Let g(f) = f**2 - 4*f - 22. Calculate the remainder when g(-12) is divided by 57.
56
Let i be 2/9 - (-8)/(-36). Let t = i + 24. Calculate the remainder when t is divided by 13.
11
Let q = -27 - -70. What is the remainder when 2 - ((-2)/(-1) - q) is divided by 15?
13
Let b(x) = -x + 21. What is the remainder when 63 is divided by b(-6)?
9
Let w(r) = -105 + 0*r**2 + 102 - 4*r + r**2. Calculate the remainder when 3 is divided by w(5).
1
Suppose 54 = 7*q - 2*q + 2*v, 2*q = 3*v + 33. Calculate the remainder when 47 is divided by q.
11
Suppose r + 3*c = -c - 10, -3*c = 2*r + 10. Let o(q) = -2*q**2 + 5*q - 3. Let n be o(3). What is the remainder when 51/9 + r/n is divided by 3?
0
Suppose -m + l + 21 = 4, 5*m = -2*l + 85. What is the remainder when 47 is divided by m?
13
Calculate the remainder when (-227)/(-3) + (-14)/21 is divided by 26.
23
Suppose 6 = z - 14. Suppose 2*g - 65 = 7*g. Let v = g + 52. Calculate the remainder when v is divided by z.
19
Suppose 0*t = -3*t + 12. Let y = 14 - 4. What is the remainder when (-1 - -1) + t + 34 is divided by y?
8
Let i(w) = -w**2 - 5*w. Let m(d) = -5*d**2 - 2*d - 1. Let l be m(-1). Let a be i(l). Calculate the remainder when 1 - 1 - a*-5 is divided by 7.
6
Suppose 1 + 11 = 2*j. Calculate the remainder when 29 is divided by j.
5
Let q be (-27)/9 - 1*-2. What is the remainder when 5 is divided by (-14 - -11)/(1*q)?
2
Let g(c) = 3*c**2 - c - 4. Suppose 0 = -4*q - 22 + 10. Calculate the remainder when g(q) is divided by 7.
5
Let j = -1 - -1. Suppose -6*y + y + 10 = j. Suppose y*n + n - 33 = 0. Calculate the remainder when n is divided by 6.
5
Suppose -4*l = -22 - 22. What is the remainder when 19 is divided by l?
8
Let k = 32 + -19. Let v(m) = m + 41. Calculate the remainder when v(-18) is divided by k.
10
Let n(i) = 5*i + 29. Calculate the remainder when n(10) is divided by 16.
15
Suppose 160 = 5*s - 0*s. Let g = s + -14. What is the remainder when g is divided by (-8 + 9)*1*30/3?
8
Let d(q) = -q + 4. Let u be d(4). Suppose 4*y - 21 - 19 = u. Calculate the remainder when y is divided by 4.
2
Let k(b) = b**2 + 3*b + 2. Let i be k(-3). Suppose 0 = -i*j - 0 + 2. Suppose q - 6 = -j. What is the remainder when q is divided by 3?
2
Let l be 0*-1*3/(-6). Let z(a) = -a**3 - a**2 + a + 17. What is the remainder when 50 is divided by z(l)?
16
Let z = -2 - -2. Calculate the remainder when z + 37 + (-4)/(-4) is divided by 13.
12
Let k = -8 + 16. Let i = 7 + -16. What is the remainder when k is divided by (-1)/(-3) + (-42)/i?
3
Let u = 5 - -2. Let w be 9/u + 4/(-14). Calculate the remainder when 24 is divided by 1 - w/((-1)/12).
11
Let w = -2 + 4. Let y(k) = -2*k**3 + 2*k**2 + 2*k - 2. Let m be y(w). Let u(t) = t**2 + 3*t. Calculate the remainder when 52 is divided by u(m).
16
Let x(k) = 7*k + 1. Let g be x(7). Let u = g - 36. Calculate the remainder when 55 is divided by u.
13
Suppose -4*l = -3*l - 2. Suppose 0 = n - 3, 2*n - 4*n + 4 = -l*h. What is the remainder when 2 is divided by h?
0
Suppose -111 = -3*b - 30. Calculate the remainder when b is divided by 14.
13
Let d be 9/(-3) - 109 - 0. Calculate the remainder when 23 is divided by ((-9)/4)/(21/d).
11
Let k(w) = -w**3 + 9*w**2 - w + 8. Let m be k(9). Let b = 0 - m. What is the remainder when b is divided by (4 - 2) + 2/(-2)?
0
Suppose -80 = -6*k + k. Let w = 43 + k. Calculate the remainder when w is divided by 20.
19
Suppose 5*u + 5*z - 35 = 0, 8*u - 3*u - 3*z = 19. Suppose 4*k = u*w + 60 + 93, -k + 36 = -2*w. What is the remainder when k is divided by 11?
9
Let m = -67 + 131. Calculate the remainder when m is divided by 22.
20
Let b = 18 - 7. Let g = -6 + b. Calculate the remainder when 7 is divided by g.
2
Let y(p) = -2*p**2 - 24*p + 37. Calculate the remainder when 96 is divided by y(-12).
22
Let y(v) = 7*v - 7. Let h(c) = -6*c + 7. Suppose 0 - 3 = u. Let l(g) = u*y(g) - 4*h(g). Calculate the remainder when 21 is divided by l(6).
10
Suppose -37*a - 297 = -40*a. What is the remainder when a is divided by 25?
24
Suppose -9 - 22 = -u. Calculate the remainder when 90 is divided by u.
28
Let z(n) be the first derivative of -n**3/3 - 13*n**2/2 - 6*n + 2. Suppose 0 = 3*w - 5*w + 94. Calculate the remainder when w is divided by z(-10).
23
What is the remainder when 5 is divided by (4 - 0) + -2 + 1?
2
Suppose 2*l + 3*l - 95 = 0. Calculate the remainder when l is divided by 8 + -1 + (-2 - -2).
5
Suppose 46*j - 50*j + 148 = 0. Calculate the remainder when j is divided by 21.
16
Suppose -5*x = -15 - 10. Suppose -q + x = -0. Suppose 5*s + 5*y = 7 - 2, 3*s + 5 = -q*y. Calculate the remainder when 17 is divided by s.
2
Suppose -4*x + 3*p - 5*p = -8, -2*x = -5*p - 4. Suppose -5 = -5*y + 5. Calculate the remainder when y is divided by x.
0
Suppose 4*r = 7 + 17. Let s(d) = d**2 + 10*d - 9. Let z be s(-11). Suppose 0 = 2*x + z*x - 68. What is the remainder when x is divided by r?
5
Suppose 8 = -3*u - 19. Let h(o) = o**2 + 8*o + 1. Calculate the remainder when 29 is divided by h(u).
9
Suppose o + 4*o = 100. Calculate the remainder when (14148/42)/9 - (-3)/(-7) is divided by o.
17
Let m(o) = o**3 + 4*o**2 - 4*o - 3. What is the remainder when m(-3) is divided by 5?
3
Suppose -34 = -6*m + 4*m. Suppose -4*r = r - 155. Calculate the remainder when r is divided by m.
14
Let p be (-3)/((-2)/2) - -1. What is the remainder when 53 is divided by ((47 - 3)/p)/1?
9
Let h = 14 + -8. Let i(y) = y**3 + 7*y**2 + 3*y - 16. What is the remainder when h is divided by i(-6)?
0
Let q = -12 + 29. Suppose -2 = v + 2, 0 = -5*i + 2*v + 163. What is the remainder when i is divided by q?
14
Suppose 0 = -4*p - 3*r + 11, 3*p - 5 = -p + 3*r. Let k be p/7 - 18/14. What is the remainder when (k - -43) + 5 + -3 is divided by 15?
14
Suppose -l = 2*l - 12. Suppose 4 = l*x - 8. What is the remainder when 12/(2/(8/6)) is divided by x?
2
Let p(b) = 5*b**2 - 7. What is the remainder when p(-3) is divided by 4?
2
Suppose -5*a = -53 - 12. Suppose -3*w - 2*w + 120 = 0. What is the remainder when w is divided by a?
11
Suppose -4*x + 2 = -2*l, -5 = -5*l + 10. Calculate the remainder when 7*x - (-1 - -1) is divided by 8.
6
Let w(l) = -l**2 + 7*l + 6. Calculate the remainder when 53 is divided by w(4).
17
What is the remainder when 63 is divided by 798/70 - (2/(-5))/(-1)?
8
Suppose -4*q = -266 - 142. What is the remainder when q is divided by 26?
24
Suppose -2*z + s + 19 = 4, -4*z - s = -27. What is the remainder when z is divided by (-1 + 3)*1 + 2?
3
Let i(k) = -3*k. Let z be i(-8). Let a = 44 - z. What is the remainder when 38 is divided by a?
18
What is the remainder when 83 is divided by (-2)/(-8) - (-1072)/64?
15
Let k = 7 - 4. Let u be (k/6)/(2/(-4)). What is the remainder when 70/8 - u/4 is divided by 5?
4
Let q = 51 + -35. What is the remainder when 30 is divided by q?
14
Suppose 749 = 14*v - 35. Calculate the remainder when 222 is divided by v.
54
Suppose 79 - 23 = -3*u - 2*p, 2*u + 2*p + 36 = 0. Let z = u + 35. What is the remainder when 57 is divided by z?
12
Let r = 77 + -51. Calculate the remainder when r is divided by 15.
11
Suppose -25 = -2*d - 5*y, y = -d + 4*y - 4. What is the remainder when d is divided by 5?
0
Let f = 47 - 1. Suppose 0 = 5*b - 4*n + 106, -6 + 0 = b + 3*n. Let c = b - -30. Calculate the remainder when f is divided by c.
10
Suppose 5*b - 5 - 15 = 0. What is the remainder when 79/b - (-5)/20 is divided by 7?
6
Let z(g) be the first derivative of g**3/3 + 3*g**2/2 - 3*g - 2. Let v be z(5). Let x = 54 - v. Calculate the remainder when 33 is divided by x.
16
Let j = 1 + -2. Let i(c) = -c - c + 3*c - 11*c**3. What is the remainder when 18 is divided by i(j)?
8
Suppose -4*x + 8 = -8. Let g(n) = 3*n**2 - 2*n + 5. Let f be g(4). Suppose 5*t = f + 10. Calculate the remainder when t is divided by x.
3
Let q be 0/(2 + 1 + -1). What is the remainder when 51 + 0 + q - 2 is divided by 17?
15
Calculate the remainder when 2*-1 - (-30 - 5)